 base 15.
-ae2
Convert -23201 (base 4) to base 13.
-449
Convert 35a (base 13) to base 16.
246
Convert 5756 (base 8) to base 11.
2327
Convert 1111100101 (base 2) to base 13.
5b9
Convert -2b82 (base 15) to base 3.
-110211012
What is -24131 (base 7) in base 15?
-1cb5
Convert 22011 (base 4) to base 15.
2d0
-1240 (base 11) to base 8
-3121
3112 (base 5) to base 11
340
-724 (base 10) to base 5
-10344
What is 1101011001 (base 2) in base 10?
857
10023 (base 5) to base 2
1001111110
313 (base 10) to base 11
265
-13122 (base 6) to base 13
-ba5
What is -51 (base 15) in base 8?
-114
-110 (base 16) to base 4
-10100
-101213 (base 4) to base 11
-935
What is -101001 (base 3) in base 7?
-535
What is 66571 (base 8) in base 12?
14275
What is 2164 (base 11) in base 15?
ca3
What is -3242 (base 6) in base 16?
-2ea
Convert 2120 (base 8) to base 10.
1104
What is 4a8a0 (base 11) in base 4?
101303320
Convert 1050121 (base 6) to base 3.
2200221211
Convert -163 (base 7) to base 12.
-7a
What is 3919 (base 15) in base 11?
9168
Convert -203 (base 15) to base 16.
-1c5
Convert 4a0a (base 12) to base 14.
3094
-1111111111000 (base 2) to base 11
-6170
7845 (base 9) to base 16
16a0
Convert 2904 (base 14) to base 10.
7256
-11020 (base 5) to base 13
-466
Convert 8061 (base 13) to base 15.
5370
-454 (base 15) to base 9
-1307
Convert -537 (base 8) to base 7.
-1011
Convert -342123 (base 5) to base 13.
-56c8
Convert -120212012 (base 3) to base 8.
-26451
111112 (base 4) to base 2
10101010110
-1001001111111 (base 2) to base 6
-33531
What is 1319 (base 14) in base 7?
12532
What is -11001212 (base 3) in base 2?
-101110010110
-22560 (base 7) to base 6
-42423
What is -b9b (base 15) in base 2?
-101000111101
4731 (base 8) to base 4
213121
Convert -131423 (base 5) to base 11.
-3a32
What is 320224 (base 5) in base 12?
6229
Convert -2221200200 (base 3) to base 6.
-1124543
-2220 (base 7) to base 12
-566
165a (base 13) to base 3
11111201
Convert -1125 (base 6) to base 13.
-179
What is -1e7 (base 16) in base 10?
-487
Convert 503 (base 15) to base 2.
10001101000
1a4 (base 14) to base 7
664
What is -422 (base 9) in base 14?
-1a8
341 (base 5) to base 14
6c
47b7 (base 12) to base 7
32332
-227 (base 11) to base 15
-131
-403 (base 7) to base 14
-103
Convert -14153 (base 6) to base 12.
-1359
Convert -302 (base 13) to base 3.
-200212
-1010021 (base 3) to base 9
-1107
101010 (base 2) to base 11
39
1182 (base 11) to base 8
3006
-464 (base 14) to base 13
-521
Convert -99 (base 15) to base 10.
-144
-3243 (base 10) to base 14
-1279
Convert 20224 (base 7) to base 12.
2a1a
What is -121121 (base 3) in base 11?
-378
What is -1010100110000 (base 2) in base 15?
-1919
What is 430 (base 7) in base 6?
1001
b5 (base 12) to base 7
254
-473d (base 14) to base 5
-344103
What is 2344212 (base 5) in base 4?
22222202
2602 (base 7) to base 11
813
What is 1210323 (base 4) in base 5?
201314
34 (base 11) to base 5
122
Convert 10201332 (base 4) to base 8.
44176
Convert 2ab (base 13) to base 14.
263
Convert 4f21 (base 16) to base 12.
b881
-1000001000011 (base 2) to base 5
-113123
Convert 287 (base 12) to base 2.
110000111
What is -b1b (base 13) in base 11?
-1462
Convert -25500 (base 6) to base 12.
-2290
What is -78 (base 11) in base 14?
-61
25732 (base 10) to base 6
315044
What is -cd (base 16) in base 14?
-109
1344 (base 7) to base 8
1012
What is -14254 (base 9) in base 16?
-25d8
Convert 29471 (base 10) to base 7.
151631
Convert -20b (base 16) to base 4.
-20023
Convert -221102 (base 3) to base 4.
-22232
What is -10110000111011 (base 2) in base 3?
-120112101
What is 11736 (base 8) in base 13?
2413
-3a5c (base 14) to base 13
-48a4
2672 (base 12) to base 7
15563
Convert -88884 (base 9) to base 7.
-334066
What is -257 (base 10) in base 6?
-1105
Convert 30631 (base 9) to base 7.
112612
What is -1100001110100 (base 2) in base 6?
-44552
Convert 324214 (base 5) to base 16.
2bb0
What is 100000001010111 (base 2) in base 14?
6007
-2121033 (base 4) to base 7
-40410
Convert -12146 (base 9) to base 2.
-1111111001110
Convert -550 (base 10) to base 12.
-39a
What is -1c1c (base 13) in base 5?
-114000
What is -1286 (base 11) in base 4?
-122003
-1a0 (base 16) to base 15
-1cb
Convert -2cd (base 15) to base 6.
-2551
What is -14340 (base 5) in base 6?
-5352
What is -227 (base 8) in base 15?
-a1
Convert 101212 (base 7) to base 13.
7b16
Convert -155ba (base 12) to base 9.
-45427
102100 (base 3) to base 8
462
Convert -30003 (base 10) to base 5.
-1430003
-5702 (base 9) to base 15
-13ae
Convert 7440 (base 11) to base 8.
23165
Convert 1000000110 (base 2) to base 3.
201012
Convert 11101000010001 (base 2) to base 6.
152453
-207 (base 9) to base 11
-144
21212 (base 5) to base 15
657
-1100110010 (base 2) to base 11
-684
What is -110000111001 (base 2) in base 11?
-2395
Convert 1696d (base 14) to base 5.
3303431
Convert -4465 (base 10) to base 15.
-14ca
What is -805 (base 16) in base 9?
-2731
What is -187c (base 13) in base 9?
-5007
Convert 2957 (base 14) to base 16.
1ca1
What is -726 (base 9) in base 15?
-296
What is 4265 (base 9) in base 16?
c41
What is -68261 (base 9) in base 10?
-45415
What is -1152513 (base 6) in base 13?
-22014
What is 200032 (base 4) in base 2?
100000001110
What is -483 (base 10) in base 13?
-2b2
What is -15896 (base 14) in base 13?
-1b673
What is -1369 (base 15) in base 11?
-3132
Convert 44560 (base 8) to base 13.
8732
23232 (base 4) to base 5
11000
-101101110110101 (base 2) to base 6
-300405
Convert 9154 (base 11) to base 16.
2f7f
Convert -66055 (base 8) to base 13.
-c7b3
Convert -551 (base 8) to base 12.
-261
What is -43b2 (base 13) in base 12?
-5568
Convert 2202 (base 16) to base 3.
102221110
Convert -236 (base 7) to base 14.
-8d
What is 323210 (base 4) in base 3?
12020012
What is 2424 (base 6) in base 16?
250
What is 415 (base 7) in base 16?
d0
What is -11525 (base 7) in base 2?
-101111000000
What is 24514 (base 6) in base 2?
111000111110
-12120022 (base 3) to base 10
-4058
-111101111 (base 2) to base 4
-13233
What is -35110 (base 6) in base 7?
-20415
Convert 4560 (base 12) to base 4.
1320120
What is b993 (base 13) in base 7?
135146
Convert 1420 (base 5) to base 6.
1031
Convert -105 (base 6) to base 11.
-38
-8c5 (base 13) to base 2
-10111101001
4c1 (base 15) to base 2
10000111001
0 (base 9) to base 15
0
What is -367 (base 16) in base 6?
-4011
What is 21402 (base 6) in base 11?
2246
What is 19514 (base 13) in base 14?
13d00
What is -484 (base 15) in base 12?
-714
361 (base 13) to base 11
493
Convert -1221120 (base 3) to base 8.
-2613
1358 (base 9) to base 6
4425
What is 3310 (base 4) in base 11?
202
Convert 736 (base 8) to base 6.
2114
Convert 1024100 (base 5) to base 8.
41770
What is 1303 (base 5) in base 3?
21112
-52100 (base 8) to base 6
-243504
What is 11551 (base 14) in base 15?
c791
-bd9 (base 15) to base 16
-a77
What is 7d (base 14) in base 11?
a1
4254 (base 6) to base 5
12340
Convert -13423 (base 7) to base 3.
-11222221
33332 (base 5) to base 12
1432
Convert 35157 (base 11) to base 12.
25461
-11011100001 (base 3) to base 15
-193e7
What is -23d (base 14) in base 6?
-2023
Convert -11001110101001 (base 2) to base 8.
-31651
Convert 1791 (base 15) to base 8.
11736
What is 13789 (base 15) in base 5?
3444304
What is -34021 (base 7) in base 2?
-10000110001110
cd8a (base 14) to base 9
53743
Convert -77b (base 15) to base 2.
-11010011011
-252345 (base 7) to base 2
-1011010110010101
-382 (base 10) to base 2
-101111110
What is 621 (base 9) in base 13?
2cb
Convert 92 (base 10) to base 12.
78
-63760 (base 8) to base 15
-7d3d
Convert -2a3 (base 12) to base 11.
-344
Convert -3cfd (base 16) to base 14.
-5993
What is 32052 (base 8) in base 11?
a040
-144350 (base 6) to base 12
-80b6
-25e (base 15) to base 16
-21b
3003 (base 11) to base 2
111110011100
441 (base 11) to base 12
381
What is 10015 (base 6) in base 7?
3545
What is -2847 (base 15) in base 14?
-31d7
Convert -8c27 (base 13) to base 5.
-1112022
Convert -100 (base 11) to base 2.
-1111001
20110 (base 4) to base 5
4112
Convert -10011001100110 (base 2) to base 5.
-303310
Convert 86f (base 16) to base 4.
201233
Convert 10142 (base 5) to base 11.
561
Convert 130322 (base 4) to base 10.
1850
Convert -2521 (base 12) to base 7.
-15151
-3713 (base 9) to base 12
-1726
What is -144c (base 15) in base 